{"id":349,"date":"2024-04-01T19:42:09","date_gmt":"2024-04-01T19:42:09","guid":{"rendered":"https:\/\/wynchar.com\/c24\/?page_id=349"},"modified":"2024-04-01T20:05:50","modified_gmt":"2024-04-01T20:05:50","slug":"previous-caminos","status":"publish","type":"page","link":"https:\/\/wynchar.com\/c24\/previous-caminos\/","title":{"rendered":"Previous Caminos"},"content":{"rendered":"\n<p><a href=\"https:\/\/arc.net\/l\/quote\/mzukdmfb\" target=\"_blank\" rel=\"noreferrer noopener\">2023 Ruta del Cant\u00e1brico, Camino do Mar, Camino Ingl\u00e9s<\/a><\/p>\n\n\n\n<p><a href=\"https:\/\/wynchar.com\/c22\/\" target=\"_blank\" rel=\"noreferrer noopener\">2022 Camino Frances, and A Coruna<\/a><\/p>\n\n\n\n<p><a href=\"https:\/\/crowley.pw\/cdn2019\/\" target=\"_blank\" rel=\"noreferrer noopener\">2019 Norte, second part<\/a>, Avil\u00e9s to Ribadeo; Camino del Mar<\/p>\n\n\n\n<p><a href=\"https:\/\/wynchar.com\/cnblog\/\" target=\"_blank\" rel=\"noreferrer noopener\">2018 Norte,<\/a> first part, San Sebastian to Villaviciosa<\/p>\n\n\n\n<p><a href=\"https:\/\/wynchar.com\/i17\/\">2017 Via <\/a><a href=\"https:\/\/wynchar.com\/i17\/\" target=\"_blank\" rel=\"noreferrer noopener\">Francigena<\/a>, Italy: Milan to Siena<\/p>\n\n\n\n<p><a href=\"https:\/\/www.wynchar.com\/wcblogs\/c16.html\" target=\"_blank\" rel=\"noreferrer noopener\">2016 Camino Portugese<\/a>, Porto to Santiago, Camino Finisterre<\/p>\n\n\n\n<p><a href=\"https:\/\/wynchar.com\/s15\/\" target=\"_blank\" rel=\"noreferrer noopener\">2015 Seville<\/a>, a month in Seville<\/p>\n\n\n\n<p><a href=\"https:\/\/wynchar.com\/c14\/\" target=\"_blank\" rel=\"noreferrer noopener\">2014 Camino Frances<\/a><\/p>\n\n\n\n<p><a href=\"https:\/\/wynchar.com\/c13\/\" target=\"_blank\" rel=\"noreferrer noopener\">2013 Camino Frances<\/a><\/p>\n\n\n\n<p><strong>Other trips<\/strong><\/p>\n\n\n\n<p><a href=\"https:\/\/wynchar.com\/s12\/\" target=\"_blank\" rel=\"noreferrer noopener\">2012 Spain<\/a><\/p>\n\n\n\n<p><a href=\"https:\/\/wynchar.com\/italy2011\/\" target=\"_blank\" rel=\"noreferrer noopener\">2011 Italy<\/a><\/p>\n","protected":false},"excerpt":{"rendered":"<p>2023 Ruta del Cant\u00e1brico, Camino do Mar, Camino Ingl\u00e9s 2022 Camino Frances, and A Coruna 2019 Norte, second part, Avil\u00e9s to Ribadeo; Camino del Mar 2018 Norte, first part, San Sebastian to Villaviciosa 2017 Via Francigena, Italy: Milan to Siena 2016 Camino Portugese, Porto to Santiago, Camino Finisterre 2015 Seville, a month in Seville 2014 &hellip; <a href=\"https:\/\/wynchar.com\/c24\/previous-caminos\/\" class=\"more-link\">Continue reading<span class=\"screen-reader-text\"> &#8220;Previous Caminos&#8221;<\/span><\/a><\/p>\n","protected":false},"author":2,"featured_media":0,"parent":0,"menu_order":0,"comment_status":"closed","ping_status":"closed","template":"","meta":{"jetpack_post_was_ever_published":false,"footnotes":""},"class_list":["post-349","page","type-page","status-publish","hentry"],"jetpack_sharing_enabled":true,"_links":{"self":[{"href":"https:\/\/wynchar.com\/c24\/wp-json\/wp\/v2\/pages\/349","targetHints":{"allow":["GET"]}}],"collection":[{"href":"https:\/\/wynchar.com\/c24\/wp-json\/wp\/v2\/pages"}],"about":[{"href":"https:\/\/wynchar.com\/c24\/wp-json\/wp\/v2\/types\/page"}],"author":[{"embeddable":true,"href":"https:\/\/wynchar.com\/c24\/wp-json\/wp\/v2\/users\/2"}],"replies":[{"embeddable":true,"href":"https:\/\/wynchar.com\/c24\/wp-json\/wp\/v2\/comments?post=349"}],"version-history":[{"count":3,"href":"https:\/\/wynchar.com\/c24\/wp-json\/wp\/v2\/pages\/349\/revisions"}],"predecessor-version":[{"id":1780,"href":"https:\/\/wynchar.com\/c24\/wp-json\/wp\/v2\/pages\/349\/revisions\/1780"}],"wp:attachment":[{"href":"https:\/\/wynchar.com\/c24\/wp-json\/wp\/v2\/media?parent=349"}],"curies":[{"name":"wp","href":"https:\/\/api.w.org\/{rel}","templated":true}]}}